2220000211
In base 8, what is -10736 + 545?
-10171
In base 15, what is b - 2e656?
-2e64a
In base 7, what is -5 - -151460?
151452
In base 13, what is ac1 - -49?
b3a
In base 11, what is -25 - 3029?
-3053
In base 7, what is -3 - -54352?
54346
In base 3, what is -12 + -100011201121?
-100011201210
In base 4, what is -13002 - -3222?
-3120
In base 4, what is -13 - -1203301?
1203222
In base 3, what is -2200011110 - 1111?
-2200012221
In base 15, what is -21c - 60c?
-829
In base 10, what is 241 + -33?
208
In base 6, what is -330 + -1551?
-2321
In base 2, what is -11 - -1100010?
1011111
In base 4, what is -101 + -31313?
-32020
In base 12, what is 5143 + -4?
513b
In base 2, what is -101001000010 - 100001111?
-101101010001
In base 15, what is 1514 - -59?
156d
In base 9, what is -1568 - 6?
-1575
In base 15, what is 4c31 + -17?
4c19
In base 11, what is -10 + -57388?
-57398
In base 4, what is -21 - -130023?
130002
In base 4, what is -13032 + -20221?
-33313
In base 4, what is -2221222 + -3?
-2221231
In base 16, what is -8 + -cb4?
-cbc
In base 15, what is 4 + -12330?
-1232b
In base 8, what is -4456 + 27?
-4427
In base 7, what is 3 - 62366?
-62363
In base 14, what is 37 + -838b?
-8354
In base 3, what is 201101 + -210102?
-2001
In base 7, what is -156 + -4410?
-4566
In base 5, what is -1132024 + 3?
-1132021
In base 14, what is -d6 + -338?
-430
In base 7, what is 4154030 - 2?
4154025
In base 7, what is -2 - -1203056?
1203054
In base 3, what is -2 - 222101000?
-222101002
In base 9, what is -377182 - 0?
-377182
In base 16, what is -5 - a485?
-a48a
In base 10, what is -5 + -136683?
-136688
In base 8, what is 506120 + 3?
506123
In base 13, what is a - -2ba5?
2bb2
In base 9, what is -5526 + -433?
-6060
In base 5, what is 102443031 - 1?
102443030
In base 15, what is -1418 - 1?
-1419
In base 11, what is -5a1 - a56?
-1547
In base 12, what is -828 + 556?
-292
In base 14, what is -2 - 43db0?
-43db2
In base 13, what is -355c3a - -5?
-355c35
In base 9, what is 1517 - -28?
1546
In base 12, what is -11b566 + -12?
-11b578
In base 4, what is -111022201013 + -11?
-111022201030
In base 13, what is 18 - -6870?
6888
In base 4, what is 330 + -11032000?
-11031010
In base 12, what is 7 + 29813?
2981a
In base 12, what is -296954 - 2?
-296956
In base 16, what is a366f - 5?
a366a
In base 14, what is 475 - -2?
477
In base 11, what is a35 - -4?
a39
In base 2, what is 1101 - 101000101010110?
-101000101001001
In base 11, what is -11 + 111a61?
111a50
In base 8, what is 162 + 23?
205
In base 4, what is -2323211 - -21?
-2323130
In base 4, what is -20 + -330101?
-330121
In base 16, what is d47 + -417?
930
In base 13, what is 11 + -1753?
-1742
In base 10, what is -12913 + 29?
-12884
In base 16, what is -a + -6e7?
-6f1
In base 12, what is -13 + 30420?
30409
In base 8, what is -1053477 + 20?
-1053457
In base 3, what is -21211010222 + -100?
-21211011022
In base 7, what is -150 - -66?
-51
In base 8, what is 2 + -732?
-730
In base 3, what is -2220 - -122020?
112100
In base 8, what is 112 + 20234?
20346
In base 13, what is 285 + -84?
201
In base 12, what is -178 - -b6a?
9b2
In base 14, what is 26c - -1d1?
45d
In base 9, what is 7864 - -1?
7865
In base 11, what is 7 - -2141?
2148
In base 10, what is 333 + -261?
72
In base 16, what is 53 - 1d3?
-180
In base 12, what is 5740 - -1a?
575a
In base 14, what is -1db298 - 5?
-1db29d
In base 7, what is 202 - 41156?
-40654
In base 16, what is -3 - -cc69?
cc66
In base 11, what is 2608 + -9?
25aa
In base 11, what is 969 + -84?
895
In base 3, what is 11 - 100002221212?
-100002221201
In base 10, what is -20089 + 125?
-19964
In base 16, what is f7 - 80?
77
In base 8, what is 4 - -46604?
46610
In base 14, what is 2498d - 1?
2498c
In base 12, what is -17b76 - 12?
-17b88
In base 16, what is a67 - 19?
a4e
In base 6, what is -2212401 + 4?
-2212353
In base 16, what is 2 + 117d?
117f
In base 7, what is -1330 - -10036?
5406
In base 9, what is -2253888 - 3?
-2254002
In base 4, what is -123 + -10012?
-10201
In base 13, what is -4c14 + 4?
-4c10
In base 4, what is -102 + 100212?
100110
In base 12, what is -64738 + 2?
-64736
In base 11, what is -2 - -25046?
25044
In base 3, what is 110220100 - 10?
110220020
In base 16, what is -6473f + 1?
-6473e
In base 10, what is 56647 - -5?
56652
In base 14, what is -bb + 1344?
1267
In base 12, what is -2a81a + 5?
-2a815
In base 3, what is 1 + -120210211?
-120210210
In base 8, what is 17402 + 0?
17402
In base 11, what is 47 + 4399?
4435
In base 7, what is 135 - 6163?
-6025
In base 9, what is -103 - 1131?
-1234
In base 3, what is -2200 + 1010020?
1000120
In base 12, what is -5 - 238142?
-238147
In base 4, what is 133 - -10101013?
10101212
In base 2, what is 10 - 11111000000010?
-11111000000000
In base 15, what is 303cab - 2?
303ca9
In base 12, what is -aa - -162?
74
In base 2, what is 1001001 + -1010111000010?
-1010101111001
In base 9, what is 86 - 1138?
-1042
In base 2, what is 1000010101 - 11000111110?
-10000101001
In base 8, what is 54132 + -12?
54120
In base 8, what is 3 + -16576?
-16573
In base 7, what is -130210 - 4?
-130214
In base 5, what is 14 - -12142?
12211
In base 4, what is 10012 + -1002?
3010
In base 5, what is -33441310 + 4?
-33441301
In base 2, what is 1000001101010011 - -10?
1000001101010101
In base 4, what is -102203 + -20111?
-122320
In base 2, what is 110010011100001 + -10001?
110010011010000
In base 3, what is 1012111212 - -2?
1012111221
In base 15, what is -16 + 27b6?
27a0
In base 7, what is 165 + -36505?
-36310
In base 16, what is -3 - 318e?
-3191
In base 12, what is 38880 + -40?
38840
In base 16, what is 729 + 6b?
794
In base 2, what is 100111101001 - 11011?
100111001110
In base 11, what is 56719 + 0?
56719
In base 3, what is -11222102110 + 100?
-11222102010
In base 13, what is 19 + -8277?
-825b
In base 4, what is 0 + -11312030?
-11312030
In base 13, what is -317 - 727?
-a41
In base 9, what is 12374 - -1?
12375
In base 6, what is -4 - -413310?
413302
In base 16, what is -1ede8 + 1e?
-1edca
In base 2, what is -10 - -10001110000111?
10001110000101
In base 13, what is -1a3 - 230?
-403
In base 11, what is 5a035 + -8?
5a028
In base 15, what is -7 + 68cb?
68c4
In base 14, what is 11 - 2032?
-2021
In base 7, what is -2 + -5661353?
-5661355
In base 8, what is 2 + -134047?
-134045
In base 15, what is -2 - 57ade?
-57ae1
In base 16, what is 0 + 7265?
7265
In base 3, what is -2010020011 - 101?
-2010020112
In base 4, what is 10 - 2022212200?
-2022212130
In base 3, what is -1202 + 112100020?
112021111
In base 11, what is 12a + 47?
176
In base 14, what is -65 + -12b?
-192
In base 7, what is 12 + 1004544?
1004556
In base 13, what is 65a33 - -3?
65a36
In base 2, what is 1011111010000000011 + -101?
1011111001111111110
In base 16, what is 1 + -c4c6?
-c4c5
In base 14, what is -6a + -1576a?
-157d6
In base 4, what is 2012002 - 313?
2011023
In base 6, what is -1 - -4334524?
4334523
In base 9, what is 134 - 645?
-511
In base 11, what is -77a702 + -3?
-77a705
In base 14, what is -1c6276 + -2?
-1c6278
In base 14, what is 16 - -3842?
3858
In base 4, what is -3 - 202012112?
-202012121
In base 3, what is -202 - 200102?
-201011
In base 15, what is 4 + 83c8?
83cc
In base 8, what is 72076 + 104?
72202
In base 8, what is 144 + -30062?
-27716
In base 13, what is -160 + 30?
-130
In base 4, what is -112011 + -110223?
-222300
In base 4, what is -1112 - -332313?
331201
In base 11, what is 117155 - 15?
117140
In base 6, what is -2305 - -5240?
2531
In base 15, what is 3a40e - 0?
3a40e
In base 12, what is 10aba3 - -5?
10aba8
In base 14, what is -4adbd - -2?
-4adbb
In base 3, what is 2 + 202110021?
202110100
In base 14, what is 35 - 12cd?
-1298
In base 10, what is 35 - 2942?
-2907
In base 5, what is -42000 - -3?
-41442
In base 4, what is -1130322100 + -1?
-1130322101
In base 14, what is 2 + d64b?
d64d
In base 8, what is 1 - 134560?
-134557
In base 15, what is 20 + d94?
db4
In base 16, what is 4c1 - -10?
4d1
In base 6, what is -51030 + 11?
-51015
In base 11, what is 2 - -39a090?
39a092
In base 7, what is 1215 + -121?
1064
In base 9, what is 2043 - 13?
2030
In base 13, what is -665b + 4?
-6657
In base 15, what is 1b30 + 3?
1b33
In base 5, what is -14 - 1230010?
-1230024
In base 9, what is -11645 + 158?
-11476
In base 9, what is -1128816 - -3?
-1128813
In base 9,